{"id":2102,"date":"2018-04-25T21:42:49","date_gmt":"2018-04-25T19:42:49","guid":{"rendered":"https:\/\/www.ambrosia.eu\/?page_id=2102"},"modified":"2023-12-01T12:08:04","modified_gmt":"2023-12-01T11:08:04","slug":"ciasto-ambrosia","status":"publish","type":"page","link":"https:\/\/www.ambrosia.eu\/pl\/ciasto-ambrosia\/","title":{"rendered":"Ciasto ambrosia\u00ae"},"content":{"rendered":"<div class=\"row \"><div class=\"col-lg-6 col-md-6 col-xs-12 col-sm-6\"><\/p>\n<p>Ciasto ambrosia\u00ae to pasta z drobniutkich kryszta\u0142k\u00f3w cukru, otoczonych warstw\u0105 syropu z r\u00f3\u017cnych rodzaj\u00f3w cukru. Syrop zapobiega zasychaniu kryszta\u0142k\u00f3w, umo\u017cliwiaj\u0105c \u0142atwe pobranie przez pszczo\u0142y. Dzi\u0119ki niskiej zawarto\u015bci wody przydatno\u015b\u0107 do spo\u017cycia ciasta ambrosia\u00ae przy zachowaniu optymalnych warunk\u00f3w przechowywania wynosi co najmniej 24 miesi\u0105ce.<\/p>\n<p>Produkt jest dost\u0119pny w nast\u0119puj\u0105cych opakowaniach:<\/p>\n<ul>\n<li>15 kg \u2013 karton z foliowym opakowaniem wewn\u0105trz<\/li>\n<li>2,5 kg \u2013 opakowanie porcjowane (polietylenowe opakowania foliowe, pakowane po 5 w kartonie)<\/li>\n<\/ul>\n<p><\/div>\n<div class=\"col-lg-6 col-md-6 col-xs-12 col-sm-6\"><\/p>\n<p>Zdj\u0119cia produktu<\/p>\n<p>Szczeg\u00f3lnie polecane s\u0105 praktyczne w u\u017cyciu opakowania porcjowane. Dozowanie ciasta jest bardzo proste: 15-kilogramowy karton otwiera si\u0119 z jednej strony wraz z foli\u0105 i uk\u0142ada otwart\u0105 stron\u0105 na ramce lub wykrawa z bloku i porcjuje wed\u0142ug potrzeb. Folia zapobiega wysychaniu ciasta.<br \/>\nW przypadku opakowania 2,5 kg nacina si\u0119 je wzd\u0142u\u017c d\u0142u\u017cszej kraw\u0119dzi za pomoc\u0105 no\u017ca na szeroko\u015b\u0107 2 cm. W ten spos\u00f3b w ci\u0105gu 7 dni pobierane jest dziennie oko\u0142o 400 g produktu. Ciasto zalecane jest tak\u017ce do tworzenia odk\u0142ad\u00f3w oraz hodowli kr\u00f3lowych.<\/p>\n<p><\/div>\n<\/div>\n<p><div class=\"row \"><div class=\"col-lg-6 col-md-6 col-xs-12 col-sm-6\">\n<img loading=\"lazy\" class=\"alignnone wp-image-4316 size-medium\" src=\"https:\/\/www.ambrosia.eu\/wp-content\/uploads\/2023\/12\/ambrosia_Teig_15kg_Karton-300x205.png\" alt=\"\" width=\"300\" height=\"205\" srcset=\"https:\/\/www.ambrosia.eu\/wp-content\/uploads\/2023\/12\/ambrosia_Teig_15kg_Karton-300x205.png 300w, https:\/\/www.ambrosia.eu\/wp-content\/uploads\/2023\/12\/ambrosia_Teig_15kg_Karton-1024x699.png 1024w, https:\/\/www.ambrosia.eu\/wp-content\/uploads\/2023\/12\/ambrosia_Teig_15kg_Karton-768x524.png 768w, https:\/\/www.ambrosia.eu\/wp-content\/uploads\/2023\/12\/ambrosia_Teig_15kg_Karton-1536x1048.png 1536w, https:\/\/www.ambrosia.eu\/wp-content\/uploads\/2023\/12\/ambrosia_Teig_15kg_Karton.png 1662w\" sizes=\"(max-width: 300px) 100vw, 300px\" \/><\/p>\n<h3>Karton<\/h3>\n<p><strong>15 kg<br \/>\n<\/strong>Art.-Nr.: 37237<br \/>\nIlo\u015b\u0107 na palecie: 50 sztuk<\/p>\n<div class=\"clearfix\"><\/div>\n<p><img loading=\"lazy\" class=\"alignnone wp-image-4305 size-medium\" src=\"https:\/\/www.ambrosia.eu\/wp-content\/uploads\/2023\/12\/ambrosia_Teig_5x2_5kg_Kombi_v1-300x221.jpg\" alt=\"\" width=\"300\" height=\"221\" srcset=\"https:\/\/www.ambrosia.eu\/wp-content\/uploads\/2023\/12\/ambrosia_Teig_5x2_5kg_Kombi_v1-300x221.jpg 300w, https:\/\/www.ambrosia.eu\/wp-content\/uploads\/2023\/12\/ambrosia_Teig_5x2_5kg_Kombi_v1-1024x753.jpg 1024w, https:\/\/www.ambrosia.eu\/wp-content\/uploads\/2023\/12\/ambrosia_Teig_5x2_5kg_Kombi_v1-768x565.jpg 768w, https:\/\/www.ambrosia.eu\/wp-content\/uploads\/2023\/12\/ambrosia_Teig_5x2_5kg_Kombi_v1-1536x1129.jpg 1536w, https:\/\/www.ambrosia.eu\/wp-content\/uploads\/2023\/12\/ambrosia_Teig_5x2_5kg_Kombi_v1-2048x1506.jpg 2048w\" sizes=\"(max-width: 300px) 100vw, 300px\" \/><\/p>\n<h3>Portionspackung<\/h3>\n<p><strong>5 x 2,5 kg<br \/>\n<\/strong>Art.-Nr.: 372998<br \/>\nIlo\u015b\u0107 na palecie: 64 sztuk<\/p>\n<div class=\"clearfix\"><\/div>\n<h2>Przechowywanie i przydatno\u015b\u0107 do spo\u017cycia<\/h2>\n<p>Przechowywa\u0107 w suchych pomieszczeniach w temperaturze pomi\u0119dzy<br \/>\n10 a 17\u00b0C. Nale\u017cy unika\u0107 temperatur poni\u017cej zera.<\/p>\n<h3>Haltbarkeit (MHD):<\/h3>\n<p>Przydatno\u015b\u0107 do spo\u017cycia (minimalny okres trwa\u0142o\u015bci):<br \/>\nCiasto 24 miesi\u0105ce.<br \/>\nPod warunkiem \u017ce pojemnik jest nieuszkodzony.<br \/>\nOtwarte pojemniki musz\u0105 zosta\u0107 niezw\u0142ocznie zu\u017cyte.<\/p>\n<p><a href=\"https:\/\/www.ambrosia.eu\/pl\/kontakt\/\">Ch\u0119tnie wska\u017cemy najbli\u017cszego dystrybutora naszych produkt\u00f3w<\/a><\/p>\n<a class=\"btn btn-primary btn-xs  \" href=\"https:\/\/www.ambrosia.eu\/pl\/kontakt\/\"  rel=\"\"  target=\"_self\">Kontakt <i class=\"glyphicon glyphicon-menu-right\" ><\/i><\/a>\n<p><\/div>\n<div class=\"col-lg-6 col-md-6 col-xs-12 col-sm-6\"><a href=\"https:\/\/www.ambrosia.eu\/wp-content\/uploads\/2016\/03\/Ambrosia-Bienenfutter-Teig-Anwendung1-1.jpg\" rel=\"attachment wp-att-88\"><img loading=\"lazy\" class=\"alignleft wp-image-218 size-large\" src=\"https:\/\/www.ambrosia.eu\/wp-content\/uploads\/2016\/03\/Ambrosia-Bienenfutter-Teig-Anwendung1-1-1024x493.jpg\" alt=\"\" width=\"1024\" height=\"493\" srcset=\"https:\/\/www.ambrosia.eu\/wp-content\/uploads\/2016\/03\/Ambrosia-Bienenfutter-Teig-Anwendung1-1-1024x493.jpg 1024w, https:\/\/www.ambrosia.eu\/wp-content\/uploads\/2016\/03\/Ambrosia-Bienenfutter-Teig-Anwendung1-1-300x145.jpg 300w, https:\/\/www.ambrosia.eu\/wp-content\/uploads\/2016\/03\/Ambrosia-Bienenfutter-Teig-Anwendung1-1-768x370.jpg 768w, https:\/\/www.ambrosia.eu\/wp-content\/uploads\/2016\/03\/Ambrosia-Bienenfutter-Teig-Anwendung1-1.jpg 1299w\" sizes=\"(max-width: 1024px) 100vw, 1024px\" \/><\/a><\/p>\n<div class=\"clearfix\"><\/div>\n<p><a href=\"https:\/\/www.ambrosia.eu\/wp-content\/uploads\/2016\/03\/Ambrosia-Bienenfutter-Teig-Anwendung2.jpg\" rel=\"attachment wp-att-220\"><img loading=\"lazy\" class=\"alignleft wp-image-220 size-large\" src=\"https:\/\/www.ambrosia.eu\/wp-content\/uploads\/2016\/03\/Ambrosia-Bienenfutter-Teig-Anwendung2-1024x689.jpg\" alt=\"Ambrosia-Bienenfutter-Teig-Anwendung2\" width=\"1024\" height=\"689\" srcset=\"https:\/\/www.ambrosia.eu\/wp-content\/uploads\/2016\/03\/Ambrosia-Bienenfutter-Teig-Anwendung2-1024x689.jpg 1024w, https:\/\/www.ambrosia.eu\/wp-content\/uploads\/2016\/03\/Ambrosia-Bienenfutter-Teig-Anwendung2-300x202.jpg 300w, https:\/\/www.ambrosia.eu\/wp-content\/uploads\/2016\/03\/Ambrosia-Bienenfutter-Teig-Anwendung2-768x517.jpg 768w, https:\/\/www.ambrosia.eu\/wp-content\/uploads\/2016\/03\/Ambrosia-Bienenfutter-Teig-Anwendung2.jpg 1299w\" sizes=\"(max-width: 1024px) 100vw, 1024px\" \/><\/a><\/div>\n<\/div><br \/>\n<div class=\"row \"><div class=\"col-lg-6 col-md-6 col-xs-12 col-sm-6\"><\/p>\n<p><\/div><div class=\"col-lg-6 col-md-6 col-xs-12 col-sm-6\"> <\/div>\n<\/div><\/p>\n","protected":false},"excerpt":{"rendered":"<p>ambrosia\u00ae Bienenfutterteig ist eine past\u00f6se Masse aus mikrofeinen Zuckerkristallen, die von einem Sirupfilm aus gel\u00f6sten Zuckerarten umgeben sind. Der Sirup verhindert ein Verkrusten der Kristalle und erm\u00f6glicht eine leichte Aufnahme durch die Bienen. Wegen seines geringen Wassergehalts weist ambrosia\u00ae Bienenfutterteig bei optimaler Lagerung eine Haltbarkeit von mindestens 24 Monaten auf.<\/p>\n","protected":false},"author":3,"featured_media":0,"parent":0,"menu_order":0,"comment_status":"closed","ping_status":"closed","template":"","meta":[],"acf":[],"_links":{"self":[{"href":"https:\/\/www.ambrosia.eu\/pl\/wp-json\/wp\/v2\/pages\/2102"}],"collection":[{"href":"https:\/\/www.ambrosia.eu\/pl\/wp-json\/wp\/v2\/pages"}],"about":[{"href":"https:\/\/www.ambrosia.eu\/pl\/wp-json\/wp\/v2\/types\/page"}],"author":[{"embeddable":true,"href":"https:\/\/www.ambrosia.eu\/pl\/wp-json\/wp\/v2\/users\/3"}],"replies":[{"embeddable":true,"href":"https:\/\/www.ambrosia.eu\/pl\/wp-json\/wp\/v2\/comments?post=2102"}],"version-history":[{"count":8,"href":"https:\/\/www.ambrosia.eu\/pl\/wp-json\/wp\/v2\/pages\/2102\/revisions"}],"predecessor-version":[{"id":4325,"href":"https:\/\/www.ambrosia.eu\/pl\/wp-json\/wp\/v2\/pages\/2102\/revisions\/4325"}],"wp:attachment":[{"href":"https:\/\/www.ambrosia.eu\/pl\/wp-json\/wp\/v2\/media?parent=2102"}],"curies":[{"name":"wp","href":"https:\/\/api.w.org\/{rel}","templated":true}]}}

<div class="row "><div class="col-lg-6 col-md-6 col-xs-12 col-sm-6"></p>
<p>Ciasto ambrosia® to pasta z drobniutkich kryształków cukru, otoczonych warstwą syropu z różnych rodzajów cukru. Syrop zapobiega zasychaniu kryształków, umożliwiając łatwe pobranie przez pszczoły. Dzięki niskiej zawartości wody przydatność do spożycia ciasta ambrosia® przy zachowaniu optymalnych warunków przechowywania wynosi co najmniej 24 miesiące.</p>
<p>Produkt jest dostępny w następujących opakowaniach:</p>
<ul>
<li>15 kg – karton z foliowym opakowaniem wewnątrz</li>
<li>2,5 kg – opakowanie porcjowane (polietylenowe opakowania foliowe, pakowane po 5 w kartonie)</li>
</ul>
<p></div>
<div class="col-lg-6 col-md-6 col-xs-12 col-sm-6"></p>
<p>Zdjęcia produktu</p>
<p>Szczególnie polecane są praktyczne w użyciu opakowania porcjowane. Dozowanie ciasta jest bardzo proste: 15-kilogramowy karton otwiera się z jednej strony wraz z folią i układa otwartą stroną na ramce lub wykrawa z bloku i porcjuje według potrzeb. Folia zapobiega wysychaniu ciasta.<br />
W przypadku opakowania 2,5 kg nacina się je wzdłuż dłuższej krawędzi za pomocą noża na szerokość 2 cm. W ten sposób w ciągu 7 dni pobierane jest dziennie około 400 g produktu. Ciasto zalecane jest także do tworzenia odkładów oraz hodowli królowych.</p>
<p></div>
</div>
<p><div class="row "><div class="col-lg-6 col-md-6 col-xs-12 col-sm-6">
<img loading="lazy" class="alignnone wp-image-4316 size-medium" src="https://www.ambrosia.eu/wp-content/uploads/2023/12/ambrosia_Teig_15kg_Karton-300x205.png" alt="" width="300" height="205" srcset="https://www.ambrosia.eu/wp-content/uploads/2023/12/ambrosia_Teig_15kg_Karton-300x205.png 300w, https://www.ambrosia.eu/wp-content/uploads/2023/12/ambrosia_Teig_15kg_Karton-1024x699.png 1024w, https://www.ambrosia.eu/wp-content/uploads/2023/12/ambrosia_Teig_15kg_Karton-768x524.png 768w, https://www.ambrosia.eu/wp-content/uploads/2023/12/ambrosia_Teig_15kg_Karton-1536x1048.png 1536w, https://www.ambrosia.eu/wp-content/uploads/2023/12/ambrosia_Teig_15kg_Karton.png 1662w" sizes="(max-width: 300px) 100vw, 300px" /></p>
<h3>Karton</h3>
<p><strong>15 kg<br />
</strong>Art.-Nr.: 37237<br />
Ilość na palecie: 50 sztuk</p>
<div class="clearfix"></div>
<p><img loading="lazy" class="alignnone wp-image-4305 size-medium" src="https://www.ambrosia.eu/wp-content/uploads/2023/12/ambrosia_Teig_5x2_5kg_Kombi_v1-300x221.jpg" alt="" width="300" height="221" srcset="https://www.ambrosia.eu/wp-content/uploads/2023/12/ambrosia_Teig_5x2_5kg_Kombi_v1-300x221.jpg 300w, https://www.ambrosia.eu/wp-content/uploads/2023/12/ambrosia_Teig_5x2_5kg_Kombi_v1-1024x753.jpg 1024w, https://www.ambrosia.eu/wp-content/uploads/2023/12/ambrosia_Teig_5x2_5kg_Kombi_v1-768x565.jpg 768w, https://www.ambrosia.eu/wp-content/uploads/2023/12/ambrosia_Teig_5x2_5kg_Kombi_v1-1536x1129.jpg 1536w, https://www.ambrosia.eu/wp-content/uploads/2023/12/ambrosia_Teig_5x2_5kg_Kombi_v1-2048x1506.jpg 2048w" sizes="(max-width: 300px) 100vw, 300px" /></p>
<h3>Portionspackung</h3>
<p><strong>5 x 2,5 kg<br />
</strong>Art.-Nr.: 372998<br />
Ilość na palecie: 64 sztuk</p>
<div class="clearfix"></div>
<h2>Przechowywanie i przydatność do spożycia</h2>
<p>Przechowywać w suchych pomieszczeniach w temperaturze pomiędzy<br />
10 a 17°C. Należy unikać temperatur poniżej zera.</p>
<h3>Haltbarkeit (MHD):</h3>
<p>Przydatność do spożycia (minimalny okres trwałości):<br />
Ciasto 24 miesiące.<br />
Pod warunkiem że pojemnik jest nieuszkodzony.<br />
Otwarte pojemniki muszą zostać niezwłocznie zużyte.</p>
<p><a href="https://www.ambrosia.eu/pl/kontakt/">Chętnie wskażemy najbliższego dystrybutora naszych produktów</a></p>
<a class="btn btn-primary btn-xs  " href="https://www.ambrosia.eu/pl/kontakt/"  rel=""  target="_self">Kontakt <i class="glyphicon glyphicon-menu-right" ></i></a>
<p></div>
<div class="col-lg-6 col-md-6 col-xs-12 col-sm-6"><a href="https://www.ambrosia.eu/wp-content/uploads/2016/03/Ambrosia-Bienenfutter-Teig-Anwendung1-1.jpg" rel="attachment wp-att-88"><img loading="lazy" class="alignleft wp-image-218 size-large" src="https://www.ambrosia.eu/wp-content/uploads/2016/03/Ambrosia-Bienenfutter-Teig-Anwendung1-1-1024x493.jpg" alt="" width="1024" height="493" srcset="https://www.ambrosia.eu/wp-content/uploads/2016/03/Ambrosia-Bienenfutter-Teig-Anwendung1-1-1024x493.jpg 1024w, https://www.ambrosia.eu/wp-content/uploads/2016/03/Ambrosia-Bienenfutter-Teig-Anwendung1-1-300x145.jpg 300w, https://www.ambrosia.eu/wp-content/uploads/2016/03/Ambrosia-Bienenfutter-Teig-Anwendung1-1-768x370.jpg 768w, https://www.ambrosia.eu/wp-content/uploads/2016/03/Ambrosia-Bienenfutter-Teig-Anwendung1-1.jpg 1299w" sizes="(max-width: 1024px) 100vw, 1024px" /></a></p>
<div class="clearfix"></div>
<p><a href="https://www.ambrosia.eu/wp-content/uploads/2016/03/Ambrosia-Bienenfutter-Teig-Anwendung2.jpg" rel="attachment wp-att-220"><img loading="lazy" class="alignleft wp-image-220 size-large" src="https://www.ambrosia.eu/wp-content/uploads/2016/03/Ambrosia-Bienenfutter-Teig-Anwendung2-1024x689.jpg" alt="Ambrosia-Bienenfutter-Teig-Anwendung2" width="1024" height="689" srcset="https://www.ambrosia.eu/wp-content/uploads/2016/03/Ambrosia-Bienenfutter-Teig-Anwendung2-1024x689.jpg 1024w, https://www.ambrosia.eu/wp-content/uploads/2016/03/Ambrosia-Bienenfutter-Teig-Anwendung2-300x202.jpg 300w, https://www.ambrosia.eu/wp-content/uploads/2016/03/Ambrosia-Bienenfutter-Teig-Anwendung2-768x517.jpg 768w, https://www.ambrosia.eu/wp-content/uploads/2016/03/Ambrosia-Bienenfutter-Teig-Anwendung2.jpg 1299w" sizes="(max-width: 1024px) 100vw, 1024px" /></a></div>
</div><br />
<div class="row "><div class="col-lg-6 col-md-6 col-xs-12 col-sm-6"></p>
<p></div><div class="col-lg-6 col-md-6 col-xs-12 col-sm-6"> </div>
</div></p>

<p>ambrosia® Bienenfutterteig ist eine pastöse Masse aus mikrofeinen Zuckerkristallen, die von einem Sirupfilm aus gelösten Zuckerarten umgeben sind. Der Sirup verhindert ein Verkrusten der Kristalle und ermöglicht eine leichte Aufnahme durch die Bienen. Wegen seines geringen Wassergehalts weist ambrosia® Bienenfutterteig bei optimaler Lagerung eine Haltbarkeit von mindestens 24 Monaten auf.</p>
